 + 28 = 2*v + 5*l. Suppose 3*x - 4*u - 21 = 0, 7*x - 35 = 2*x + 2*u. What is the greatest common factor of v and x?
7
Let q = -29 - -49. Suppose -5*h - m = q, 2*h + 3*m - 2 - 3 = 0. Let f be 2/(((-20)/6)/h). What is the highest common factor of 21 and f?
3
Let m = -1 - -1. Let y be 16 + m*4/8. Let n(w) = -w**3 - 7*w**2 + 3*w - 8. Let b be n(-8). What is the greatest common factor of y and b?
16
Suppose 4*b = -5*k + 29, 2*k = -4*b + 22 + 16. What is the highest common divisor of b and 110?
11
Suppose -r + j + 23 = 0, -5*r = -j + 2*j - 109. What is the greatest common divisor of r and 55?
11
Let f(i) = 32*i - 9. Let s be f(2). What is the greatest common divisor of 11 and s?
11
Let p(b) = -5*b - 7. Suppose 2*k = 3*k - 7. Let i be p(k). Let w be ((-20)/7 - -2)*i. Calculate the greatest common factor of 9 and w.
9
Let m(r) = -r**2 - 8*r + 27. Let o be m(-9). Calculate the highest common factor of o and 45.
9
Let s(n) = n - 1. Let b be s(6). Suppose b*k - 1 = 9. Suppose -k*q + 86 = -138. What is the greatest common factor of 16 and q?
16
Let f be (15/5)/(3/5). What is the highest common divisor of 40 and f?
5
Suppose h = s + 18, -2*h + 8 + 13 = s. Calculate the greatest common divisor of 52 and h.
13
Suppose -5*r - 7 = 3*b, -3*b + 2 = -1. Let l = 8 + r. Let m be 9/l*52/3. What is the highest common divisor of 13 and m?
13
Suppose 0*p - 2*p + 42 = 0. Calculate the greatest common factor of 42 and p.
21
Suppose 1 - 105 = -2*w. Suppose 3*f - 7*f = -w. Let p be (1 - 2) + 2*46. Calculate the greatest common factor of p and f.
13
Suppose 3*u + 19 = 55. What is the greatest common divisor of 48 and u?
12
Suppose -4*k + 12 = -2*k. What is the greatest common divisor of 3 and k?
3
Let k(q) = -15*q + 30. Let f be k(-4). What is the highest common factor of 36 and f?
18
Let o = 2 - -2. Suppose z - 4 = o*r, -4*r - z + 1 = -3. Suppose -5 = -l - 5*k, 41 = 4*l - k - r*k. What is the greatest common divisor of 15 and l?
5
Let f = -106 + 120. What is the greatest common factor of f and 406?
14
Let m(j) = -2*j - 3. Let h be m(-2). Let y = h - -3. Let b = 15 - y. What is the highest common divisor of b and 11?
11
Suppose 3*d + 8 + 13 = 0. Let b(z) = -9*z. Let a be b(d). Suppose -v - 3*x = -3*v + a, v - 2*x - 32 = 0. What is the greatest common divisor of v and 12?
6
Suppose x + 0*x + 107 = 3*y, x = -5*y + 181. Calculate the highest common divisor of 12 and y.
12
Let o(j) = -j**2 - j. Let m be o(0). Let q be 8/20 - 69/(-15). Suppose -q*h + 26 + 29 = m. Calculate the highest common factor of 11 and h.
11
Let q be -11*(-27 + (7 - 3)). What is the greatest common factor of q and 23?
23
Let v be 12/10*1*5. Let t = 4 - -11. What is the highest common divisor of t and v?
3
Let a = 91 - 51. Let x(g) = g + 4. Let b be x(6). What is the greatest common divisor of a and b?
10
Let w = -3 + 39. What is the highest common factor of 4 and w?
4
Let a(z) = 3*z - 13. Suppose g - 9 + 4 = 0. Suppose -5*p + 40 = -5*k, -48 = -g*p - k - 2*k. Let l be a(p). What is the highest common divisor of l and 154?
14
Suppose 2*x + 5*a + 42 = 177, -68 = -x - 3*a. Let u be (-4)/(-2) + x - 2. What is the highest common divisor of 26 and u?
13
Let q be -16*2*(-10)/8. What is the greatest common factor of 5 and q?
5
Let v(l) = l**2 + 4*l + 5. Let b be v(-5). Let s = 46 + -41. Calculate the greatest common divisor of s and b.
5
Suppose 2*c - 65 = 3*q, -4*q + q - 145 = -4*c. What is the highest common divisor of 10 and c?
10
Let j = 25 - 17. Calculate the highest common divisor of 64 and j.
8
Let n(b) = -7*b - 6. Let q be n(-2). Calculate the highest common divisor of 20 and q.
4
Suppose -2*w + l + 18 = 0, -2*w - 3*l - 1 + 11 = 0. Let d(f) = 2*f - 8. Let a be d(w). What is the highest common divisor of a and 64?
8
Suppose 0 = -h - b + 162, 3*h = -4*b + 355 + 126. Suppose -2*l = 4*m - 142, -3*m - 19 = -3*l + h. Calculate the highest common factor of l and 13.
13
Suppose 269 = 2*z - 3*y, 5*y - 141 = -0*z - z. Suppose 3*m = 5*i - 76, -2*i + 2*m + 10 = -18. What is the greatest common divisor of z and i?
17
Let s be (-16)/(-3) - (-8)/12. Suppose -4*z = 3*m - s*m + 203, 3*z + 266 = 4*m. What is the highest common factor of m and 13?
13
Let u(t) = 3*t**2 - 70*t + 29. Let q be u(23). Suppose 4*f = -3*a, 6*f + a = 2*f. Let c be (-1)/((-2)/30 + f). What is the highest common divisor of c and q?
3
Let h be 457/(-7) + (-14)/(-49). Let k = h + 121. What is the greatest common divisor of k and 7?
7
Suppose 6 + 169 = 7*c. What is the highest common factor of c and 75?
25
Suppose -5*x + 2*x = -60. Calculate the greatest common divisor of x and 60.
20
Let n be (-1 - 1) + 2 - -2. Suppose -19 = n*h - 53. Calculate the highest common divisor of h and 34.
17
Let n = -22 + 26. Calculate the greatest common factor of 44 and n.
4
Let n = 4 - 1. Suppose -n*f = 12, l + 4*l = -f + 236. Let j = -13 - -21. What is the highest common divisor of l and j?
8
Suppose -3*z = 10*z - 975. Calculate the greatest common factor of 25 and z.
25
Let i be (14/(-6) + 3)*(-2 - -20). Calculate the greatest common divisor of 108 and i.
12
Let h(k) = k + 4. Let q be h(0). Suppose -2*v - 151 = -r + 3*v, 724 = q*r + 4*v. Let f be (r/6)/(2/6). What is the greatest common factor of f and 8?
8
Suppose 0 = k - 4*k + 186. Suppose -26 = -2*o + k. Let m(l) = -10*l**3 + l**2 + l + 1. Let p be m(-1). Calculate the highest common divisor of o and p.
11
Let y(l) = l**3 - 5*l**2 + l + 1. Let j be y(5). Calculate the highest common divisor of 12 and j.
6
Let b(l) = l**3 - 5*l**2 - 5*l + 5. Let q be b(6). Let j(s) = s. Let o be j(11). What is the highest common divisor of o and q?
11
Let y be 4*39/(-12)*-6 - 1. What is the greatest common divisor of 11 and y?
11
Let l(j) = j**2 - 4*j - 1. Let s be l(5). Calculate the highest common divisor of 12 and s.
4
Suppose -3*x = 7 - 28. Let m = 12 - -9. Calculate the highest common factor of m and x.
7
Suppose 0 = 2*g - 2*k + 7*k - 5, -21 = -5*g - 4*k. Suppose 0 = g*z + 10 - 40. Calculate the highest common factor of z and 54.
6
Suppose -14 = -2*u + 2*i, -4*u + 5*i = -3*u - 11. What is the greatest common factor of u and 72?
6
Suppose 4*m + 0*m = 4*r + 8, 0 = -2*m + 3*r + 5. Calculate the highest common factor of 1 and m.
1
Let l(j) = j**2 + 29. Let w be l(0). Suppose -5*u = -10*u + 1015. What is the highest common factor of w and u?
29
Let m = 5 + -9. Let d = m + 14. Let h be 6/d - (-28)/20. Calculate the highest common divisor of 10 and h.
2
Suppose -5*q + 3*q + 10 = 0. Let c = -4 + q. Calculate the highest common divisor of 7 and c.
1
Let l be 0 + (-2)/(-4) - 441/(-42). What is the highest common divisor of 22 and l?
11
Let b(g) = -3*g - 2. Let n be b(-3). Let o(p) = p**3 - 5*p**2 + p - 4. Let c be o(5). What is the greatest common divisor of c and n?
1
Suppose 30*r + 150 = 32*r. What is the greatest common factor of 30 and r?
15
Suppose 5*v + 42 - 2 = 0. Let s = 47 + v. Suppose -s = -5*d + 2*d. What is the greatest common divisor of d and 26?
13
Let b(t) = -t**2 - 10*t - 1. Let o be b(-5). Let k(y) = 0 + 0 + 16*y**2. Let q be k(1). Calculate the highest common divisor of q and o.
8
Let j(x) = -x**3 + 10*x**2 + 12*x + 2. Let c be j(11). Calculate the highest common factor of 13 and c.
13
Let y = 6 - 5. Let n be ((-6)/(-15))/((-2)/(-40)). What is the highest common factor of n and y?
1
Suppose -a = -3*a - 4*h + 56, -h = 2*a - 68. Calculate the highest common factor of a and 18.
18
Suppose -q + 57 = t, 0 = q - 0*q - 2*t - 48. Suppose 5*o - 28 = 7*o. Let l be (-24)/o*252/24. Calculate the greatest common factor of l and q.
18
Let m = -10 - -16. Suppose f + 4 = -2*w + m*w, 10 = 2*w. Let s be 1 + (-1)/3 - (-1720)/12. What is the highest common factor of f and s?
16
Suppose 3*l - 6 = -5*h - 1, 0 = 3*h - 3*l - 3. Let z = 14 + -9. What is the highest common divisor of z and h?
1
Let o = -508 + 127. Let v = 876 + o. Suppose -5*r = 15, 3*b - 3*r - 2*r = v. Calculate the greatest common divisor of 16 and b.
16
Suppose 6*f - 41 - 31 = 0. Calculate the greatest common divisor of 132 and f.
12
Let g be (-5 + 6)/((-1)/(-17)). Suppose -b + 75 = -5*n - 86, 0 = -4*n - 20. Calculate the greatest common factor of g and b.
17
Let s(o) = 1 + 3 - 2*o + 5*o**2 - 1. Let k be s(-6). Suppose -3*z - 219 = -5*u, 5*u + 7*z - 2*z - k = 0. What is the